{"id":40,"date":"2024-04-06T15:50:59","date_gmt":"2024-04-06T13:50:59","guid":{"rendered":"https:\/\/magdalena-markowska.pl\/?page_id=40"},"modified":"2024-04-27T13:17:09","modified_gmt":"2024-04-27T11:17:09","slug":"poczatek","status":"publish","type":"page","link":"https:\/\/magdalena-markowska.pl\/","title":{"rendered":"Pocz\u0105tek"},"content":{"rendered":"\n<div class=\"wp-block-uagb-container uagb-block-30b391a0 alignfull uagb-is-root-container\"><div class=\"uagb-container-inner-blocks-wrap\">\n<div class=\"wp-block-uagb-container uagb-block-2449acff\">\n<div class=\"wp-block-uagb-image aligncenter uagb-block-340c416a wp-block-uagb-image--layout-default wp-block-uagb-image--effect-static wp-block-uagb-image--align-center\"><figure class=\"wp-block-uagb-image__figure\"><img decoding=\"async\" srcset=\"https:\/\/magdalena-markowska.pl\/wp-content\/uploads\/2024\/04\/mm-768x1024.jpg ,https:\/\/magdalena-markowska.pl\/wp-content\/uploads\/2024\/04\/mm-scaled.jpg 780w, https:\/\/magdalena-markowska.pl\/wp-content\/uploads\/2024\/04\/mm-scaled.jpg 360w\" sizes=\"auto, (max-width: 480px) 150px\" src=\"https:\/\/magdalena-markowska.pl\/wp-content\/uploads\/2024\/04\/mm-768x1024.jpg\" alt=\"\" class=\"uag-image-64\" width=\"426\" height=\"567\" title=\"mm\" loading=\"lazy\" role=\"img\"\/><\/figure><\/div>\n<\/div>\n\n\n\n<div class=\"wp-block-uagb-container uagb-block-d5f64e41\">\n<p class=\"has-contrast-2-color has-text-color has-link-color has-heading-font-family has-large-font-size wp-elements-ac7be4a0ac8db3bb78232fcd94eff9e5\" style=\"margin-top:0;margin-bottom:0;line-height:1.9\"><em>Ludzie s\u0105 najwa\u017cniejsi!<\/em><\/p>\n\n\n\n<p class=\"has-contrast-2-color has-text-color has-link-color has-heading-font-family has-large-font-size wp-elements-bebc5fba838724ee7d11d6c4ad636b96\" style=\"line-height:1.9\"><em>W obliczu zmieniaj\u0105cych si\u0119 zasad oceny nauki i jej finansowania, to ludzie s\u0105 zawsze sta\u0142\u0105, najwi\u0119ksz\u0105 warto\u015bci\u0105.<\/em><\/p>\n<\/div>\n<\/div><\/div>\n\n\n\n<div class=\"wp-block-uagb-container uagb-block-facae722 alignfull uagb-is-root-container\"><div class=\"uagb-container-inner-blocks-wrap\">\n<figure class=\"wp-block-image alignleft size-full\"><img loading=\"lazy\" decoding=\"async\" width=\"617\" height=\"92\" src=\"https:\/\/magdalena-markowska.pl\/wp-content\/uploads\/2024\/04\/szp.png\" alt=\"Szanowni Pa\u0144stwo, \" class=\"wp-image-111\" style=\"object-fit:cover\" srcset=\"https:\/\/magdalena-markowska.pl\/wp-content\/uploads\/2024\/04\/szp.png 617w, https:\/\/magdalena-markowska.pl\/wp-content\/uploads\/2024\/04\/szp-300x45.png 300w\" sizes=\"auto, (max-width: 617px) 100vw, 617px\" \/><\/figure>\n\n\n\n<p class=\"has-brygada-1918-font-family\" style=\"font-size:clamp(0.875rem, 0.875rem + ((1vw - 0.2rem) * 0.708), 1.3rem);\"><em><em>elektorzy i elektorki Wydzia\u0142u Biologii obdarzyli mnie zaufaniem i wskazali jako kandydatk\u0119 na dziekan Naszego Wydzia\u0142u. Przedstawiam Pa\u0144stwu podstawowe informacje o zespole, programie i planach na wsp\u00f3ln\u0105 wydzia\u0142ow\u0105 przysz\u0142o\u015b\u0107.<\/em><\/em><\/p>\n\n\n\n<div class=\"wp-block-uagb-container uagb-block-f92b1c90 alignfull uagb-is-root-container\"><div class=\"uagb-container-inner-blocks-wrap\">\n<div class=\"wp-block-uagb-container uag-hide-mob uagb-block-6af35e3c alignfull uagb-is-root-container\"><div class=\"uagb-container-inner-blocks-wrap\"><\/div><\/div>\n\n\n\n<figure class=\"wp-block-image alignright size-full is-resized\"><img loading=\"lazy\" decoding=\"async\" width=\"649\" height=\"163\" src=\"https:\/\/magdalena-markowska.pl\/wp-content\/uploads\/2024\/04\/mmsig-1.png\" alt=\"Magdalena Markowska\" class=\"wp-image-113\" style=\"width:500px\" srcset=\"https:\/\/magdalena-markowska.pl\/wp-content\/uploads\/2024\/04\/mmsig-1.png 649w, https:\/\/magdalena-markowska.pl\/wp-content\/uploads\/2024\/04\/mmsig-1-300x75.png 300w\" sizes=\"auto, (max-width: 649px) 100vw, 649px\" \/><\/figure>\n<\/div><\/div>\n<\/div><\/div>\n","protected":false},"excerpt":{"rendered":"<p>Ludzie s\u0105 najwa\u017cniejsi! W obliczu zmieniaj\u0105cych si\u0119 zasad oceny nauki i jej finansowania, to ludzie s\u0105 zawsze sta\u0142\u0105, najwi\u0119ksz\u0105 warto\u015bci\u0105. elektorzy i elektorki Wydzia\u0142u Biologii obdarzyli mnie zaufaniem i wskazali jako kandydatk\u0119 na dziekan Naszego Wydzia\u0142u. Przedstawiam Pa\u0144stwu podstawowe informacje o zespole, programie i planach na wsp\u00f3ln\u0105 wydzia\u0142ow\u0105 przysz\u0142o\u015b\u0107.<\/p>\n","protected":false},"author":1,"featured_media":0,"parent":0,"menu_order":0,"comment_status":"closed","ping_status":"closed","template":"wp-custom-template-szerokie-strony","meta":{"_uag_custom_page_level_css":"","footnotes":""},"class_list":["post-40","page","type-page","status-publish","hentry"],"uagb_featured_image_src":{"full":false,"thumbnail":false,"medium":false,"medium_large":false,"large":false,"1536x1536":false,"2048x2048":false},"uagb_author_info":{"display_name":"meron","author_link":"https:\/\/magdalena-markowska.pl\/index.php\/author\/meron\/"},"uagb_comment_info":0,"uagb_excerpt":"Ludzie s\u0105 najwa\u017cniejsi! W obliczu zmieniaj\u0105cych si\u0119 zasad oceny nauki i jej finansowania, to ludzie s\u0105 zawsze sta\u0142\u0105, najwi\u0119ksz\u0105 warto\u015bci\u0105. elektorzy i elektorki Wydzia\u0142u Biologii obdarzyli mnie zaufaniem i wskazali jako kandydatk\u0119 na dziekan Naszego Wydzia\u0142u. Przedstawiam Pa\u0144stwu podstawowe informacje o zespole, programie i planach na wsp\u00f3ln\u0105 wydzia\u0142ow\u0105 przysz\u0142o\u015b\u0107.","_links":{"self":[{"href":"https:\/\/magdalena-markowska.pl\/index.php\/wp-json\/wp\/v2\/pages\/40","targetHints":{"allow":["GET"]}}],"collection":[{"href":"https:\/\/magdalena-markowska.pl\/index.php\/wp-json\/wp\/v2\/pages"}],"about":[{"href":"https:\/\/magdalena-markowska.pl\/index.php\/wp-json\/wp\/v2\/types\/page"}],"author":[{"embeddable":true,"href":"https:\/\/magdalena-markowska.pl\/index.php\/wp-json\/wp\/v2\/users\/1"}],"replies":[{"embeddable":true,"href":"https:\/\/magdalena-markowska.pl\/index.php\/wp-json\/wp\/v2\/comments?post=40"}],"version-history":[{"count":49,"href":"https:\/\/magdalena-markowska.pl\/index.php\/wp-json\/wp\/v2\/pages\/40\/revisions"}],"predecessor-version":[{"id":356,"href":"https:\/\/magdalena-markowska.pl\/index.php\/wp-json\/wp\/v2\/pages\/40\/revisions\/356"}],"wp:attachment":[{"href":"https:\/\/magdalena-markowska.pl\/index.php\/wp-json\/wp\/v2\/media?parent=40"}],"curies":[{"name":"wp","href":"https:\/\/api.w.org\/{rel}","templated":true}]}}